{"id":2,"date":"2023-12-27T15:48:38","date_gmt":"2023-12-27T14:48:38","guid":{"rendered":"http:\/\/bectriathlon.fr\/?page_id=2"},"modified":"2024-06-10T13:02:52","modified_gmt":"2024-06-10T11:02:52","slug":"club-triathlon-bordeaux-etudiants-club","status":"publish","type":"page","link":"https:\/\/bectriathlon.fr\/index.php\/club-triathlon-bordeaux-etudiants-club\/","title":{"rendered":"Section Triathlon du BEC"},"content":{"rendered":"\n<p>N\u00e9 en 1897, le Bordeaux \u00e9tudiant club (BEC) est le Doyen des Clubs Universitaires Fran\u00e7ais, il est l\u2019initiateur de la pratique sportive des Universit\u00e9s. 127 ans apr\u00e8s sa fondation par Paul Fournial, nous sommes heureux d&#8217;annoncer la cr\u00e9ation de la section BEC TRIATHLON<\/p>\n\n\n\n<p>Notre club et affili\u00e9 FFTRI est  nous sommes ouverts \u00e0 la pratique de tous les sports encha\u00een\u00e9s: Triathlon bien s\u00fbr mais \u00e9galement Raid, Swimrun..<\/p>\n\n\n\n<p>Nous participons \u00e9galement toute l&#8217;ann\u00e9es \u00e0 des \u00e9preuves de course \u00e0 pied, Trail, Cyclotourisme, eau libre&#8230;<\/p>\n\n\n\n<p>Pour en savoir plus n&#8217;h\u00e9sitez pas \u00e0 cliquer sur &#8220;<a href=\"https:\/\/bectriathlon.fr\/index.php\/club-triathlon-bordeaux\/\" data-type=\"page\" data-id=\"37\">Rejoindre le club<\/a>&#8221; ou &#8220;<a href=\"https:\/\/bectriathlon.fr\/index.php\/category\/actualites\/\" data-type=\"category\" data-id=\"5\">Actualit\u00e9s<\/a>&#8220;<\/p>\n\n\n\n<blockquote class=\"wp-block-quote is-layout-flow wp-block-quote-is-layout-flow\">\n<figure class=\"wp-block-gallery has-nested-images columns-default is-cropped wp-block-gallery-1 is-layout-flex wp-block-gallery-is-layout-flex\">\n<figure class=\"wp-block-image size-large\"><img loading=\"lazy\" decoding=\"async\" width=\"325\" height=\"195\" data-id=\"35\" src=\"https:\/\/bectriathlon.fr\/wp-content\/uploads\/2023\/12\/FF-TRIATHLON-1.jpg\" alt=\"\" class=\"wp-image-35\" srcset=\"https:\/\/bectriathlon.fr\/wp-content\/uploads\/2023\/12\/FF-TRIATHLON-1.jpg 325w, https:\/\/bectriathlon.fr\/wp-content\/uploads\/2023\/12\/FF-TRIATHLON-1-300x180.jpg 300w\" sizes=\"auto, (max-width: 325px) 100vw, 325px\" \/><\/figure>\n<\/figure>\n<\/blockquote>\n\n\n\n<p><\/p>\n","protected":false},"excerpt":{"rendered":"<p>N\u00e9 en 1897, le Bordeaux \u00e9tudiant club (BEC) est le Doyen des Clubs Universitaires Fran\u00e7ais, il est l\u2019initiateur de la pratique sportive des Universit\u00e9s. 127 ans apr\u00e8s sa fondation par Paul Fournial, nous sommes heureux d&#8217;annoncer la cr\u00e9ation de la section BEC TRIATHLON Notre club et affili\u00e9 FFTRI est nous sommes ouverts \u00e0 la pratique [&hellip;]<\/p>\n","protected":false},"author":1,"featured_media":0,"parent":0,"menu_order":0,"comment_status":"closed","ping_status":"closed","template":"","meta":{"footnotes":""},"class_list":["post-2","page","type-page","status-publish","hentry"],"_links":{"self":[{"href":"https:\/\/bectriathlon.fr\/index.php\/wp-json\/wp\/v2\/pages\/2","targetHints":{"allow":["GET"]}}],"collection":[{"href":"https:\/\/bectriathlon.fr\/index.php\/wp-json\/wp\/v2\/pages"}],"about":[{"href":"https:\/\/bectriathlon.fr\/index.php\/wp-json\/wp\/v2\/types\/page"}],"author":[{"embeddable":true,"href":"https:\/\/bectriathlon.fr\/index.php\/wp-json\/wp\/v2\/users\/1"}],"replies":[{"embeddable":true,"href":"https:\/\/bectriathlon.fr\/index.php\/wp-json\/wp\/v2\/comments?post=2"}],"version-history":[{"count":6,"href":"https:\/\/bectriathlon.fr\/index.php\/wp-json\/wp\/v2\/pages\/2\/revisions"}],"predecessor-version":[{"id":144,"href":"https:\/\/bectriathlon.fr\/index.php\/wp-json\/wp\/v2\/pages\/2\/revisions\/144"}],"wp:attachment":[{"href":"https:\/\/bectriathlon.fr\/index.php\/wp-json\/wp\/v2\/media?parent=2"}],"curies":[{"name":"wp","href":"https:\/\/api.w.org\/{rel}","templated":true}]}}